git of 249?
4
What is the hundreds digit of 24347?
3
What is the hundreds digit of 2828?
8
What is the tens digit of 54538?
3
What is the hundreds digit of 969?
9
What is the units digit of 2239?
9
What is the hundreds digit of 45423?
4
What is the thousands digit of 1771?
1
What is the hundreds digit of 31448?
4
What is the units digit of 23259?
9
What is the thousands digit of 64944?
4
What is the hundreds digit of 4445?
4
What is the thousands digit of 27734?
7
What is the tens digit of 1328?
2
What is the units digit of 641?
1
What is the tens digit of 5952?
5
What is the units digit of 21639?
9
What is the tens digit of 17789?
8
What is the thousands digit of 115501?
5
What is the units digit of 6812?
2
What is the thousands digit of 2574?
2
What is the ten thousands digit of 26744?
2
What is the tens digit of 3547?
4
What is the units digit of 3376?
6
What is the hundreds digit of 1040?
0
What is the units digit of 790?
0
What is the hundreds digit of 4059?
0
What is the tens digit of 5372?
7
What is the ten thousands digit of 28088?
2
What is the thousands digit of 53142?
3
What is the tens digit of 698?
9
What is the tens digit of 627?
2
What is the ten thousands digit of 36636?
3
What is the thousands digit of 4984?
4
What is the thousands digit of 20172?
0
What is the units digit of 61477?
7
What is the units digit of 18?
8
What is the units digit of 731?
1
What is the hundreds digit of 538?
5
What is the tens digit of 2574?
7
What is the tens digit of 704?
0
What is the thousands digit of 43421?
3
What is the hundreds digit of 6591?
5
What is the tens digit of 388?
8
What is the thousands digit of 156996?
6
What is the thousands digit of 36542?
6
What is the thousands digit of 5401?
5
What is the hundreds digit of 10388?
3
What is the hundreds digit of 9365?
3
What is the hundreds digit of 4593?
5
What is the hundreds digit of 12447?
4
What is the hundreds digit of 644?
6
What is the units digit of 5379?
9
What is the units digit of 28052?
2
What is the thousands digit of 2571?
2
What is the ten thousands digit of 28362?
2
What is the units digit of 64731?
1
What is the units digit of 50406?
6
What is the units digit of 3976?
6
What is the tens digit of 283?
8
What is the tens digit of 2364?
6
What is the tens digit of 567?
6
What is the hundreds digit of 2409?
4
What is the tens digit of 3059?
5
What is the tens digit of 3293?
9
What is the units digit of 835?
5
What is the thousands digit of 1771?
1
What is the ten thousands digit of 25208?
2
What is the units digit of 5312?
2
What is the hundreds digit of 53261?
2
What is the hundreds digit of 2623?
6
What is the tens digit of 22255?
5
What is the units digit of 797?
7
What is the thousands digit of 61140?
1
What is the thousands digit of 3912?
3
What is the tens digit of 812?
1
What is the hundreds digit of 1495?
4
What is the hundreds digit of 2629?
6
What is the ten thousands digit of 11898?
1
What is the thousands digit of 35483?
5
What is the ten thousands digit of 98100?
9
What is the units digit of 1562?
2
What is the ten thousands digit of 17645?
1
What is the tens digit of 14073?
7
What is the hundreds digit of 8441?
4
What is the hundreds digit of 3016?
0
What is the hundreds digit of 3499?
4
What is the thousands digit of 1294?
1
What is the hundreds digit of 2128?
1
What is the tens digit of 12233?
3
What is the ten thousands digit of 22313?
2
What is the hundreds digit of 28205?
2
What is the units digit of 5642?
2
What is the units digit of 618?
8
What is the hundreds digit of 5862?
8
What is the thousands digit of 2040?
2
What is the tens digit of 3953?
5
What is the thousands digit of 3024?
3
What is the tens digit of 694?
9
What is the tens digit of 3894?
9
What is the units digit of 1320?
0
What is the units digit of 1140?
0
What is the hundreds digit of 34685?
6
What is the units digit of 41576?
6
What is the tens digit of 7534?
3
What is the ten thousands digit of 10359?
1
What is the units digit of 9417?
7
What is the tens digit of 2210?
1
What is the hundreds digit of 501?
5
What is the units digit of 64902?
2
What is the thousands digit of 1825?
1
What is the thousands digit of 2569?
2
What is the tens digit of 34601?
0
What is the units digit of 14904?
4
What is the units digit of 744?
4
What is the tens digit of 15990?
9
What is the hundreds digit of 5908?
9
What is the hundreds digit of 2821?
8
What is the hundreds digit of 205?
2
What is the hundreds digit of 1880?
8
What is the tens digit of 2521?
2
What is the thousands digit of 2678?
2
What is the hundreds digit of 17155?
1
What is the units digit of 3539?
9
What is the tens digit of 540?
4
What is the units digit of 1269?
9
What is the units digit of 5327?
7
What is the thousands digit of 24126?
4
What is the units digit of 442?
2
What is the hundreds digit of 7227?
2
What is the hundreds digit of 115?
1
What is the thousands digit of 40323?
0
What is the units digit of 28238?
8
What is the units digit of 7229?
9
What is the units digit of 930?
0
What is the thousands digit of 1293?
1
What is the tens digit of 257?
5
What is the hundreds digit of 1628?
6
What is the hundreds digit of 123806?
8
What is the hundreds digit of 530?
5
What is the hundreds digit of 219?
2
What is the tens digit of 13865?
6
What is the units digit of 24258?
8
What is the units digit of 34751?
1
What is the hundreds digit of 53659?
6
What is the hundreds digit of 1602?
6
What is the tens digit of 6070?
7
What is the thousands digit of 4234?
4
What is the units digit of 195?
5
What is the thousands digit of 1778?
1
What is the hundreds digit of 122?
1
What is the tens digit of 4101?
0
What is the thousands digit of 5697?
5
What is the tens digit of 986?
8
What is the ten thousands digit of 63516?
6
What is the units digit of 101?
1
What is the tens digit of 2495?
9
What is the hundreds digit of 5693?
6
What is the units digit of 3395?
5
What is the tens digit of 17896?
9
What is the thousands digit of 39978?
9
What is the thousands digit of 4163?
4
What is the units digit of 12613?
3
What is the hundreds digit of 227?
2
What is the thousands digit of 7116?
7
What is the hundreds digit of 434?
4
What is the tens digit of 73462?
6
What is the units digit of 7074?
4
What is the units digit of 24677?
7
What is the hundreds digit of 1299?
2
What is the hundreds digit of 4582?
5
What is the hundreds digit of 2006?
0
What is the units digit of 451?
1
What is the thousands digit of 142506?
2
What is the units digit of 79954?
4
What is the tens digit of 1441?
4
What is the units digit of 436?
6
What is the hundreds digit of 22579?
5
What is the units digit of 1043?
3
What is the ten thousands digit of 29538?
2
What is the units digit of 9793?
3
What is the thousands digit of 31817?
1
What is the tens digit of 600?
0
What is the tens digit of 3410?
1
What is the hundreds digit of 367?
3
What is the hundreds digit of 432?
4
What is the hundreds digit of 2213?
2
What is the tens digit of 47372?
7
What is the units digit of 15959?
9
What is the hundreds digit of 4306?
3
What is the thousands digit of 8026?
8
What is the hundreds digit of 701?
7
What is the tens digit of 2159?
5
What is the ten thousands digit of 80014?
8
What is the thousands digit of 3375?
3
What is the ten thousands digit of 16127?
1
What is the units digit of 2458?
8
What is the ten thousands digit of 19546?
1
What is the hundreds digit of 311?
3
What is the thousands digit of 1119?
1
What is the hundreds digit of 1344?
3
What is the thousands digit of 91007?
1
What is the thousands digit of 2704?
2
What is the hundreds digit of 648?
6
What is the units digit of 10894?
4
What is the units digit of 9216?
6
What is the tens digit of 5998?
9
What is the tens digit of 32292?
9
What is the ten thousands digit of 13134?
1
What is the units digit of 3774?
4
What is the tens digit of 815?
1
What is the ten thousands digit of 13378?
1
What is the thousands digit of 3031?
3
What is the tens digit of 998?
9
What is the thousands digit of 79076?
9
What is the tens digit of 1949?
4
What is the thousands digit of 18332?
8
What is the hundreds digit of 7114?
1
What is the ten thousands digit of 18719?
1
What is the hundred thousands digit of 115982?
1
What is the units digit of